b) = -12*b + 6*b + 3 + 7*b. What is c(w)?
-1
Let v(h) = -15*h**3 - 39*h**2 + 17*h + 9. Let k(b) = 7*b**3 + 19*b**2 - 9*b - 5. Let r(t) = 13*k(t) + 6*v(t). Determine r(-14).
3
Let f(v) = -v**2 - 2*v. Let j(h) = h**2 - h - 6. Let o be j(3). Suppose w - 1 + 3 = o. What is f(w)?
0
Suppose -22 = -4*u - 54. Let o(w) be the second derivative of -w**3/6 - 5*w**2/2 - 43*w. Give o(u).
3
Let a(u) = -3*u - 2. Suppose -14 + 21 = x. Let v(p) = -p**3 + 6*p**2 + 7*p - 1. Let w be v(x). Let o be a(w). Let k(d) = -12*d. Calculate k(o).
-12
Let w(a) = -2*a**2 + 6*a. Let m = 661 + -657. Determine w(m).
-8
Suppose 5 = w, -3*d - 2*d - 5 = -w. Let s(o) = d*o + o + 6 - 1. Let b be (-1 - 1/(-7))*(-8 + 15). Give s(b).
-1
Suppose 81 = -3*c + 3*z - 4*z, -3*z - 47 = 2*c. Let u = c - -29. Let a(k) = 4*k**3 + k**2 - 2*k + 1. Determine a(u).
4
Let k(j) = j**2 - 5*j. Let u be 3/2*(-56)/(-6). Let b(a) = 4*a**2 - 4*a. Let s be b(2). Suppose 5*v - 4*f = u, s = f + f. What is k(v)?
6
Let b(m) = 1. Let c(y) = -y**3 - 5*y**2 - 3*y - 1. Let f(x) = 2*b(x) + c(x). Let o(g) = -g - 3. Let i be o(8). Let p = 7 + i. Calculate f(p).
-3
Let q = 123 + -18. Let a be (-1)/(-7) + (-540)/q. Let n(r) = r**3 + 4*r**2 - 4*r + 4. Calculate n(a).
-1
Let d = -3 + 6. Suppose 0 = -4*i + 9*i - 15. Let p(l) = -4*l**2 + 8 + 0 - 4 + i*l + 3*l**2. Give p(d).
4
Let k(d) = 7*d**3 - 19*d**2 + 5*d - 4. Let x(r) = -10*r**3 + 28*r**2 - 8*r + 6. Let p(h) = 7*k(h) + 5*x(h). Give p(6).
8
Suppose 0 = y + 2*l - 2, -5*y - 17 = l - 0*l. Let n(w) be the third derivative of 0 + 1/2*w**3 - 5*w**2 + 0*w - 1/60*w**5 - 1/12*w**4. Give n(y).
-5
Let z(g) = 3*g + 1. Let d(u) = 3*u + 2. Let o be d(-6). Let b = 11 + o. Determine z(b).
-14
Let u(s) be the third derivative of 7*s**4/24 - 2*s**2 + 26*s. Determine u(-1).
-7
Suppose -10*u + 14*u = 36. Let v(z) = -1 + 5*z + 6*z + 5*z - u*z. What is v(-1)?
-8
Suppose d = -2*d + y + 14, 4*y = -4*d - 8. Let j(h) = 5 + 18*h - d*h**3 + 4*h**3 - 17*h. Give j(0).
5
Let n be (3/(-5))/((-5)/(-25)). Let g(z) = -z**2 - 7*z - 10. Let u(y) be the third derivative of y**3/6 - y**2. Let l(m) = n*u(m) - g(m). Give l(-7).
7
Let p be ((-2)/(-6))/(4/276). Suppose -4*y - 15 = -p. Suppose -l + 4 = -5*l, -3*f - 2 = y*l. Let s(w) = -w - 7. Calculate s(f).
-7
Let z(o) = -3*o - 4. Let k(x) = x + 1. Let t(h) = 2*k(h) + z(h). Let u(b) = -1. Let n(r) = 2*t(r) - 7*u(r). What is n(2)?
-1
Let i(g) be the third derivative of -g**4/24 - g**3/3 - 3*g**2. Suppose 6*q = -22*q - 4*q. Calculate i(q).
-2
Let k be 10/(6/(-6)*2) - 2. Let w(u) = -3*u**2 + 4*u**2 - 5 + 0*u**2 + 7*u**2 + 9*u + u**3. Determine w(k).
-19
Let a(w) be the third derivative of -19*w**4/24 - w**3/2 - 38*w**2. What is a(-2)?
35
Suppose w - 2*w + 2 = 0. Let h(v) be the third derivative of -v**4/24 + v**2 - 5*v. Let u(a) = -5*a. Let n(m) = 25*h(m) - 4*u(m). Calculate n(w).
-10
Let n be (-4)/(-1 - -2) - (5 - 28). Let l(o) = -2*o**2 + 39*o - 17. What is l(n)?
2
Let u(n) = -9*n + 41. Let j be u(4). Let q(k) be the first derivative of 3*k**2 - 6*k + 5/3*k**3 + j - 1/4*k**4. Calculate q(6).
-6
Let s(q) = 0*q + 0*q - q - q**2 - 6 + 6*q + q. Let t be 0 + 4/1 + 1. Calculate s(t).
-1
Suppose 24 = -j + 7*j. Let r(o) be the second derivative of 4*o**2 + 0 + 3*o + 1/6*o**3 + 1/20*o**5 + 1/2*o**j. Calculate r(-6).
2
Let d(l) = -5*l + 1. Suppose -43 = -22*k - 175. Determine d(k).
31
Let u be (-14)/21*-6*(-10)/(-12). Let b(w) be the first derivative of 0*w**2 - u*w**3 - 4 + w. What is b(1)?
-9
Let v(b) = 3*b - 9. Suppose -x = -4*p + 14, -20 = -4*x - 4*p + 24. Calculate v(x).
9
Let v be 18 + (3 - 9) + 3. Let m be 34/(-10) + 6/v. Let i(s) = -s + 2 + 5*s + 0. What is i(m)?
-10
Let i(k) = -5*k**2 + 4*k**2 + 9 + 9 - 63 + 34. What is i(3)?
-20
Let q(r) be the first derivative of r**4/4 - r**3 - r**2/2 - 4*r - 24. Let h be 92/28 + (-2)/7. Determine q(h).
-7
Suppose -w + 0*w = -15. Suppose -n + 6 = -s, -n + w = 3*n + 5*s. Let p(i) be the first derivative of -i**4/4 + 2*i**3 - 3*i**2 + 3*i - 3. Determine p(n).
-2
Let j(x) = -2*x**2 - 16*x + 20. Let k(p) = 3*p**2 + 24*p - 30. Suppose -5*s - 5*z = 30, 0*z = 2*s - 2*z + 16. Let l(c) = s*j(c) - 5*k(c). Give l(-8).
10
Suppose 28 = 4*g - 3*r, 5*g - 3*g - 2*r = 16. Let c be (1/2)/(g/8). Let l(s) = 2*s**3 + s**2 - 2*s + 1. Give l(c).
2
Let f(k) be the first derivative of -k**5/60 - 5*k**4/24 - k**3/6 - k**2/2 + 7. Let i(r) be the second derivative of f(r). What is i(-6)?
-7
Let k(c) = -c**3 - 4*c**2 + 13*c + 5. Suppose -11*y + 24 = -15*y. Determine k(y).
-1
Let a(d) = -164*d - 160*d - 13 + 488*d + d**2 - 161*d. What is a(-6)?
5
Suppose -15 = -5*j - 5*o, -3*j + 40*o - 11 = 38*o. Let u(p) = 9*p**2 - 1. Give u(j).
8
Let m(p) = -p**3 + 9*p**2 + p + 12. Let t(i) = -2*i**3 + 18*i**2 + 2*i + 25. Let h(o) = 5*m(o) - 2*t(o). Determine h(9).
19
Let w(a) be the third derivative of -a**5/60 - a**4/24 - 4*a**3 - 51*a**2 - 2. Let q be ((2 + -2)/(-2))/2. Calculate w(q).
-24
Let v be -5 + (1*-1 - -2). Let l(t) = -2*t**3 - 2*t**2 - t + 3. Let q(d) = 7*d**3 + 3*d**2 + d - 17. Let m(z) = 4*l(z) + q(z). Give m(v).
-9
Let u(s) = -s**2 - 2*s + 4. Let q(l) = -3*l**2 - 6*l + 12. Let f(z) = -3*q(z) + 8*u(z). Let o be -1*1*(-4 + 7). Let m be o/2*(-16)/8. Determine f(m).
11
Let w(n) = n**3 + 3*n**2 - 7*n - 6. Let i = -13 - -18. Suppose -i*v + 2*y = -95, -y = -3*v + 6*v - 46. Let o = 13 - v. Give w(o).
6
Let f = 18 + -13. Let p(i) = 0*i + i - 2*i + 0*i. Let b(j) = -3*j + 2. Let a(u) = b(u) - 2*p(u). What is a(f)?
-3
Let p(f) = f**3 - 9*f**2 + 10*f - 3. Let t = -134 - -91. Let x = 51 + t. Determine p(x).
13
Let i(b) = b**3 + 3*b**2 - 11*b - 6. Let y be i(-5). Let o(f) = f - 1. Let j(c) = -5*c + 2. Let u(p) = y*j(p) - 4*o(p). Give u(5).
7
Let k(s) be the first derivative of -4*s**2 - 2*s - 34. Determine k(-3).
22
Let n(w) = 0*w**3 + 1 - w**3 - 3 - 144*w + 136*w + 4*w**2 + 6*w**2. What is n(9)?
7
Let g(o) be the first derivative of o**4/4 - 2*o**3/3 - 5*o**2/2 + 4*o + 21. Calculate g(3).
-2
Let b(v) = -6 + 7 + 8 + v**2 + 11*v + 3. Let r be b(-9). Let p(i) = i**3 + 5*i**2 - 4*i + 7. Calculate p(r).
-5
Let m(q) = -q**3 - 11*q**2 - 3*q - 12. Let n(s) = s**3 - 29*s**2 - 28*s - 71. Let k be n(30). Calculate m(k).
21
Let v(f) = 9 - 16 + 8. Let i(b) = -b**3 + b**2 + b - 1. Let r(x) = -i(x) - 2*v(x). Give r(0).
-1
Let l be -13 + (11 - -14 - 10). Let u(t) = -1 - 6*t + t + 3*t. Determine u(l).
-5
Let w(j) = j - 72 + 35 + 32 + j. Give w(4).
3
Let l(h) be the third derivative of 0 - 2*h**2 + 0*h + 1/12*h**4 + 3/2*h**3. Let x = 379 + -386. Determine l(x).
-5
Suppose -5*m - 4 + 24 = 0. Suppose 0 = -m*y + 7 - 35. Let j(n) = -n - 1. Determine j(y).
6
Suppose 2*j = -d, 3*j - 2*j + 22 = 5*d. Let w = -3 + d. Let x(o) = -4 + w - 5*o**2 - 2 + 5*o - o**3 + 3. What is x(-6)?
4
Let k(c) = 0*c + 27 + 0*c**2 - c**2 - 6*c - 33. Suppose 2*o - 5*m = 7, o - 5 = 5*m + 6. Determine k(o).
2
Suppose 5*o = 4*u - 41, 3*o = -5*u - o. Let z be (-408)/108 - u/18. Let j be (-11)/(-3) + z/6. Let k(g) = -g**2 - g + 2. Give k(j).
-10
Let y(p) = 3*p**2 - 14*p - 6. Let t be y(5). Let g be 8 + 2/(-1) + t. Let b(i) = i**2 - 7*i - 4. Calculate b(g).
-14
Let i(q) = 4*q**2 - 22*q + 8. Let k be i(6). Suppose 4 = -4*n - k. Let p(d) = -d**2 - 4*d + 3. What is p(n)?
-9
Let v(o) = o**3 - 6*o**2 + 3*o + 5. Let d be v(5). Let u(n) = 6*n + 114 - 228 + 120 + n**2. What is u(d)?
1
Let z(h) be the second derivative of h**3/6 + h**2/2 + 7*h. Let k be z(0). Let n(i) = -k - 2 - 1 + i - 1. Give n(5).
0
Let o(i) = 11*i - 4. Let z(k) = k**3 - 6*k**2 - 46. Let j be z(7). What is o(j)?
29
Let l(j) = -j**2 + j + 1. Suppose -v = -5*p + 100, -2*p + v + 27 = -2*v. Let x be 4/24 + 1 + p/(-18). Give l(x).
1
Suppose 4*u + 4 = -i + 17, 3*i - 7 = -4*u. Suppose -x + 1 = -u. Let w(t) = -t**3 + 0*t**2 + 3*t**2 + 8*t**2 - 5*t**2 - t - 4*t. What is w(x)?
0
Let n(c) = -c - 4*c - 1 + 2*c + 0*c. Suppose 0 = 4*v + 182 - 58. Let m = 26 + v. Calculate n(m).
14
Let a(p) = -p**3 - 4*p**2 + p + 1. Let s(z) = 3*z**3 - 3*z**2 + 4*z + 6. Let q be s(-1). Calculate a(q).
-3
Let c be (-4)/(-2)*2/1. Suppose -3*m + 15 = 2*p, -m = m - c*p + 6. Let y(g) = 1 - 3*g**2 + 1 + 4*g - g**m + 0*g**3 + 0. Determine y(-4).
2
Suppose 2*v - 3 - 11 = 0. Let r(o) = 1 - 2 + 2*o + v - 3*o. What is r(0)?
6
Let q(a) = -a**3 - 11 + 778*a + 9*a**2 - 770*a + 25. Give q(10).
-6
Let t(s